 0 - 1/3*v**3 + 2*v - 1/2*v**2 + 1/6*v**4. Calculate o(f).
3
Let m(l) = -2*l - 3. Let b be m(-2). Suppose h - b = 4*z, -4*z = -4*h - 5*z + 4. Let v(k) be the second derivative of 2*k**5/5 - k**3/6 - 2*k. What is v(h)?
7
Let r(z) = -4*z + 5. Let x(g) = 11*g - 15. Let f(t) = 8*r(t) + 3*x(t). Determine f(5).
0
Let o(z) = 3*z**2 - 9*z - 20. Let v(f) be the third derivative of f**5/60 - f**4/8 - 7*f**3/6 - 2*f**2. Let s(p) = -6*o(p) + 17*v(p). Calculate s(4).
-3
Let m(i) = 3*i - 8 - 4*i + 2*i. Let k be (-68)/(-8) + (-2)/4. Let v(u) = -2*u + 24. Let y(r) = k*m(r) + 3*v(r). Determine y(-6).
-4
Let q(l) = -l**2 - 4*l + 2. Let d be q(-4). Suppose 10 = d*k + 3*k. Let m(g) = 3*g**2 - 3*g. What is m(k)?
6
Let h(q) = 11*q**2 + 2. Let v(b) = -1. Let t(a) = -h(a) - 3*v(a). Let w = -12 - -25. Let l = w - 14. Give t(l).
-10
Let y(s) be the third derivative of s**5/12 + 2*s**2. Determine y(-1).
5
Let w(x) = -x**2 - 3*x + 1. Let v(c) = 2*c**2 + 5*c - 3. Let i = -8 - -1. Let o(p) = i*w(p) - 3*v(p). Determine o(-6).
2
Let m = -8 - -11. Let x(p) be the second derivative of 2*p**3/3 - 5*p. What is x(m)?
12
Let r(i) = -6*i**2 + 3. Let u(z) = -z**2 + 1. Let q(b) = r(b) - 4*u(b). Determine q(1).
-3
Let w be 3/(1 - 4) + 2. Let q be (2/2)/(w - 2). Let l(n) = 4*n**3 + 5 - 4 - 2. What is l(q)?
-5
Let r(t) = 2*t - 14. Suppose 5*z - 3 = 12. Suppose 4*o + 2*i + 14 = -10, 0 = -i + 4. Let g(c) = c - 5. Let k(m) = o*g(m) + z*r(m). Determine k(-2).
2
Let x(a) be the third derivative of a**6/120 + a**5/60 + a**4/24 + 11*a**3/6 - 27*a**2. Suppose 0 = -5*l - 0*l. Give x(l).
11
Let y(g) = g**2 + 2 - g + 0*g + 2*g - 2*g**3. Suppose 3*u - 2*u - 18 = 4*k, 5*u = -2*k + 2. Give y(u).
-8
Let y(f) = -59*f + 1 + 29*f + 30*f - 10*f**2. Let u = 1 + 0. What is y(u)?
-9
Let u(y) = 2*y**2 - y + 2. Suppose 17 = 4*z + 1. Suppose -2 + 10 = z*a. Calculate u(a).
8
Let y be 2/(-4 + 2)*-3. Let w be 4 + -5 + y + -1. Let s(k) = 6*k - 1. Give s(w).
5
Let r(j) = -4*j**2 - 5*j + 3*j**2 + 3*j. Give r(-3).
-3
Let t(r) = -r + 2. Suppose 5*c = 2*c - 5*g + 40, -5 = 5*g. Suppose -2*m + c = -m. Suppose -5*u + 5 = -m. Give t(u).
-2
Let l(u) = u**2 - 2*u. Let t be (-18)/(-10) + 5/25 - 0. What is l(t)?
0
Let s(g) = -g**2 + 6 + 1 + 0*g - 11*g. Let x be s(-12). Let m(i) = -i**3 - 5*i**2 + 2*i + 4. Determine m(x).
-6
Let p(q) be the second derivative of -q**4/6 + q**3/3 + q**2 + 17*q. Give p(2).
-2
Let w(x) = 5*x + 1 + 0 - 4*x. Let n(d) = d. Let k(t) = 4*n(t) - w(t). What is k(2)?
5
Let z = 3 - 3. Let v be z/(5/(15/(-6))). Let l(p) = p**2 + p + 3. Determine l(v).
3
Let m(p) = -p**2 - 7*p + 6. Let i(x) = x**2 + 10*x + 9. Let j be i(-8). Calculate m(j).
6
Let v(k) = -k**2 + 4*k - 1. Let y(m) = -3*m**2 - 3*m + 3. Let x be y(-3). Let i be 18/x*30/(-9). What is v(i)?
-1
Let v(n) = 2*n + 4. Let k(p) = -2*p - 3. Let j(s) = s**2 + 2*s + 1. Let y be j(0). Let h be k(y). What is v(h)?
-6
Let x(b) be the second derivative of 2*b**3/3 - 6*b. Let q be (0 - (-1)/1)*-2. Calculate x(q).
-8
Suppose -10 - 10 = -y. Suppose -5*j + 5 = -y. Let a(w) = 0*w + w**3 + 4 + 3*w + j*w**2 - 7. Calculate a(-3).
6
Let i(z) = -2*z - 6. Let s(f) = 6*f**3 - f**2 - 3*f - 2. Let r be s(-1). What is i(r)?
6
Let x(r) = -14*r + 30*r - 9*r - 11*r. Give x(1).
-4
Let m(n) = -2*n + 6. Let o(q) = -5*q + 13. Let g(f) = -7*m(f) + 3*o(f). Suppose -6 + 3 = j. Let l = j - -8. Calculate g(l).
-8
Let t(k) = 0 + 0 + 1 + 9*k**3. Let n(r) = r**3 + 2*r**2 - 2*r + 4. Let q be n(-3). What is t(q)?
10
Let w(m) be the third derivative of 0*m - 1/12*m**4 + 0 - 1/120*m**6 - 2/3*m**3 - m**2 + 1/12*m**5. Give w(4).
4
Let r(y) be the first derivative of y**2/2 + y - 1. Let c be r(-5). Let l(k) = -k**3 - 5*k**2 - 4*k - 6. Determine l(c).
-6
Let z(u) = u**3 - 4*u**2 - 5*u + 1. Suppose -7 = -m + 3*y, -2*m - 4*y - 4 = 2. Suppose m - 6 = -o. Give z(o).
1
Let f(a) = -a + 6. Suppose -9*t = -4*t. Calculate f(t).
6
Let r(b) = -2*b - 3. Let p be r(-3). Suppose 0 = x - p*v + 13, -6*x - 5*v + 17 = -3*x. Let w(f) = 9*f**3 + f**2 - 1. Determine w(x).
-9
Let n(j) = -3*j**3 + j**2 - 9*j - 7. Let a(v) = 2*v**3 - v**2 + 5*v + 4. Let k(d) = 5*a(d) + 3*n(d). Let x(c) = c + 13. Let q be x(-10). What is k(q)?
2
Suppose n - 14 = -5*q, -q = -n + 4*n. Let u(o) = 6*o + 1. Calculate u(n).
-5
Let o(z) = 1 - 2*z**2 - z**3 + 2 + z**2 + z. Let l(f) = -f**3 - f**2 + 2*f + 3. Let a(d) = -2*l(d) + 3*o(d). Let j = 7 + -7. Give a(j).
3
Let z(o) = 16*o**2 - 21*o - 6. Let w(a) = 3*a**2 - 4*a - 1. Let f(v) = 11*w(v) - 2*z(v). What is f(1)?
0
Let y(s) = s + 25*s**2 - s**3 - 6 + 29*s**2 - 51*s**2 + 3*s. Determine y(4).
-6
Let c(i) = -i**3 + 5*i**2 + 7*i + 2. Let y = 113 + -107. Determine c(y).
8
Let k(v) be the second derivative of -v**5/5 + v**3/6 - 49*v. Calculate k(1).
-3
Let v(d) = -7*d**3 - 1 + 2 + 6*d**3 + 4*d**2 - 2*d. Let f(i) = i**2 + 5*i + 4. Let h be f(-5). Calculate v(h).
-7
Let q be (-2)/4*(0 - 4). Let u(v) = 4*v + 1. What is u(q)?
9
Let n(f) = -f + 3. Let q(u) be the third derivative of u**4/24 - u**3/2 - 6*u**2. Let r(d) = -5*n(d) - 4*q(d). Let a = 5 + -2. Give r(a).
0
Suppose 14 = 4*r - 2. Let c(s) = s**3 - 5*s**2 + 3*s - 3. What is c(r)?
-7
Let t(u) be the third derivative of u**4/24 + u**3/2 - 2*u**2. Let y(b) = 1. Let v = 1 - 5. Let c(z) = v*y(z) + t(z). Determine c(-4).
-5
Let q(p) = -p**2 + 7*p + 7. Let m(r) = -r. Let v(y) = -2*m(y) - q(y). Let f(i) = i - 4. Let j be f(9). What is v(j)?
-7
Suppose -b + 3 = -4. Let x(u) = u - 5. Let s be x(b). Let h be (1/s)/(1/2). Let g(z) = -6*z**2. Give g(h).
-6
Suppose 0 = -4*o - 4 + 12. Suppose -o*r - r = -12. Let n(b) = b**2 - 3*b + 3. Calculate n(r).
7
Let o(t) = 10*t - 11. Let v(r) = -7*r + 7. Let g(n) = 5*o(n) + 7*v(n). Calculate g(6).
0
Let o = 4 + -3. Let n = -4 + 7. Let r(d) = -10*d + 8*d + n - 2. What is r(o)?
-1
Let l(j) = -j**2 - 1. Let v(p) = -4*p**2 + p - 4. Let b(f) = 5*l(f) - v(f). Let y(n) = n**2 + 20*n - 98. Let q be y(-24). What is b(q)?
-3
Suppose 0 = 4*g + 12 + 20. Let z = g - -13. Let t(j) = j**2 - 7*j + 5. Give t(z).
-5
Let q(w) = -w + 6. Let p be q(6). Let x(c) = 3 + 2*c + p + 1 + 2. Give x(-4).
-2
Suppose 1 = 2*g + 3. Let z(t) = -29*t + 5. Let y(p) be the third derivative of 19*p**4/24 - p**3/2 + 3*p**2. Let h(c) = 8*y(c) + 5*z(c). Determine h(g).
-6
Let k(h) be the first derivative of h**7/840 + h**6/72 + h**5/120 + h**4/24 - 5*h**3/3 + 3. Let a(v) be the third derivative of k(v). Calculate a(-5).
-4
Let q be (1/1*-1)/1. Let g be q/((-5)/3 + 2). Let d(c) be the second derivative of -c**4/12 - 2*c**3/3 + c**2/2 + 2*c. Calculate d(g).
4
Let o(w) = -w**3 + 10*w**2 - w + 12. Let g be o(10). Suppose 0 - 4 = -g*x. Suppose -4*a = 4*r - 12, 4*a - x*a - 2 = -r. Let i(y) = y**2 - 6*y + 2. What is i(r)?
-6
Let k(a) = -3*a - 7. Let y(d) = 4*d + 10. Let q(c) = 7*k(c) + 5*y(c). Determine q(4).
-3
Let b(l) = -l**2 - 8*l + 5. Suppose t - 3*u = 0, u + 6 = -u. Determine b(t).
-4
Let o(m) = 2*m**3 - 4*m**2 - 8*m - 3. Let y(u) = u**3 + u**2 - u - 1. Let n(l) = -o(l) + 3*y(l). Give n(-6).
6
Let y(i) be the second derivative of -i**5/20 + 3*i**2 - i. Let d be 20 - -3*(-6)/9. Suppose d*b = 19*b. Determine y(b).
6
Let t(u) be the second derivative of u**4/12 - 5*u**3/6 - 2*u**2 + u. Suppose 4*k - 4 = 3*k. Suppose k*y - 23 = -3. Give t(y).
-4
Let l(z) = 6*z**2 - z. Let n be (-1)/(3/(-12)*2). Let o be n*(-2 - 11/(-2)). Suppose -2*i = -r + o, -2*r + 17 = -0*r - 5*i. Give l(r).
5
Suppose -3*m + 3 = -4*m. Let s = m - -6. Suppose -5*n - 28 = -s. Let f(r) = r**3 + 5*r**2 + r. What is f(n)?
-5
Let j = -4 - -6. Let r(x) = -3*x + 3. What is r(j)?
-3
Let o be (-3)/((2/2)/1). Let j(s) = -s - 6. Let k(m) = -1. Let q(h) = j(h) - 4*k(h). Determine q(o).
1
Let r(n) = -3*n - 4. Let p(j) = j + 1. Let b(q) = 7*p(q) + 2*r(q). Let k be (3 - -2)*4/(-4). Give b(k).
-6
Let b(q) = -q**2 + 1. Let r be ((-24)/(-84))/(2/14). Give b(r).
-3
Suppose 4*i = -5*p + 19, 3*i + 13 = i + 5*p. Let b(l) = -l - l + 0 + 4*l + i. Let s be (-1)/((0 + 1)*-1). What is b(s)?
3
Suppose -19 = -4*s - 3. Let i = s - 1. Let t(z) = -z + 5. Determine t(i).
2
Suppose -2*l = -3*t + 9, 6*l - 5*t = 3*l - 15. Let b(y) = -y + 17. Calculate b(l).
17
Suppose k + h = -1 - 5, 4*h = k + 6. Let v(x) = -x**3 - 6*x**2 + x - 3. What is v(k)?
-9
Let y(d) = -d**2 - 7*d - 5. Let q = -3 + 4. Let k be (6/1 - 1)*q. Suppose 3*r = 0, k*c